-14 + 9. Let g(w) = -w**3 - w**2 + w + 2. Is g(q) composite?
False
Let r(c) = -1457*c + 28. Is r(-3) prime?
False
Let y = 21 - 16. Suppose y*z - 3*x - 787 = 0, 5*z + 0*x + 3*x = 793. Is z a prime number?
False
Suppose 2*s + 2*i = -0*i + 8, 3*i = -2*s + 5. Let q = 10 - s. Suppose 3*d - q*h = 33, -3*d - h + 8 = -9. Is d a prime number?
True
Is 33 + -23 - (-6393 + 2) a prime number?
False
Let a = -12 + -9. Let l = a - -35. Let m = 81 - l. Is m composite?
False
Suppose -15*k + 68196 = -3*k. Is k prime?
True
Is 71976/(-16)*-2*(-1)/(-3) a composite number?
False
Let k be (-3 + 2)/(1/39). Suppose -4*b + 228 = -b. Let u = k + b. Is u composite?
False
Let b be (-4)/(-12) - 20/6. Let i be b - (2 + 4)*-1. Is 785/(-15)*(0 - i) a composite number?
False
Suppose 15 = 3*z + 2*z. Suppose -l = 4, -z*g - 96 = g + 4*l. Is 4/10 - 2852/g composite?
True
Suppose -10117 = 7*l - 64346. Is l a composite number?
True
Let j(t) = 518*t**2 + 66*t + 77. Is j(17) a prime number?
True
Suppose 0 = 15*x - 10*x - 30. Let p = -161 + 251. Suppose 0 = o - x*b + 2*b - p, 5*o + 3*b - 358 = 0. Is o composite?
True
Let l = 43 + -45. Is l/(-6) + -2 + 7448/21 a composite number?
False
Suppose -2*n - 28908 = -2*z, z - 8988 - 5462 = -3*n. Is z a prime number?
False
Let t be (2/1)/(3 - 11945/3985). Suppose -4*z - t = -3*v, 0*v = 2*v + z - 535. Is v a composite number?
True
Let r = 12 + -8. Let b(v) = 12*v**3 + 4*v**2 - 6*v - 5. Is b(r) a prime number?
False
Let a(u) = 10*u - 14. Let p be a(11). Let c = -62 + p. Is c a prime number?
False
Let w be 0/(-2) + (-404)/(-1). Suppose 0 = j - 5*j + w. Let d = j + -32. Is d prime?
False
Let u be (-259)/(-1) + (7 - 3). Is 4/(-4)*u*-1 composite?
False
Let d(h) = 979*h**3 - 6*h**2 + 11*h - 3. Is d(2) composite?
True
Let h(l) = -7*l**2 + l - 259. Let d(g) = 4*g**2 - g + 130. Let a(c) = -5*d(c) - 3*h(c). Let t = 107 + -107. Is a(t) prime?
True
Let w(r) = 147*r**2 - 11*r - 57. Is w(7) composite?
False
Let u be (1*(-2 + 2))/(0 + 2). Suppose 5*c + 2454 - 7439 = u. Is c a composite number?
False
Let l(z) = 104*z**2 + 8*z - 37. Is l(-6) a composite number?
False
Let a(g) = -g - 2. Let p be a(-17). Let z = 17 - p. Is z + (-798)/(-3) + -1 a prime number?
False
Suppose -w + 0 = 3*o - 2, 2 = -3*o + w. Suppose -14*p + 9468 - 2510 = o. Is p prime?
False
Let f = -1291 - -852. Let m = 1038 - f. Is m a prime number?
False
Let s(u) = -1010*u**3 + 6*u**2 - 4*u - 6. Let x be s(-2). Suppose 0 = 3*f + 5*t - 6*t - 12139, 4*t + x = 2*f. Is f composite?
True
Let i(r) = -r**2 + 8*r - 2. Let y be i(6). Suppose -2*o + 3*d = d - 10, -y = -2*o + 5*d. Suppose 4*q - 5*t + t = 160, -3*q + o*t = -130. Is q composite?
True
Let o(i) = -i**3 + 11*i**2 - i + 49. Is o(10) prime?
True
Suppose 3*v - 5469 = 11*p - 12*p, -2*v + 5*p + 3646 = 0. Let l = 2630 - v. Is l a composite number?
True
Suppose 3*w = 4*r + 15429, 8*w = 11*w - 2*r - 15435. Is w composite?
False
Suppose 4*h - 5*b - 16206 = 0, b + 1234 - 21477 = -5*h. Is h prime?
True
Let b(i) = -495*i**2 + 0 + 497*i**2 - 1 + i - 303*i**3. Is b(-1) a prime number?
False
Suppose -2*x - 3800 = -4*j + 11252, 0 = -4*x. Is j composite?
True
Let c(z) = 22*z + 7. Let v be 35/14*16/10. Suppose -4*b + 9*b = -v*q + 14, 0 = -5*q + 5*b + 40. Is c(q) composite?
False
Let f(n) = -n**3 + 59*n**2 - 5*n + 47. Is f(20) a composite number?
True
Let n = 13791 - 8785. Is n a composite number?
True
Suppose 1000 = -3*h + 259. Let p = 636 + h. Is p prime?
True
Let b(k) = 50*k - 121. Is b(6) a prime number?
True
Let v = 36 + -36. Suppose 5*y - 2765 = -n, v*n = -y + 2*n + 553. Is y a prime number?
False
Suppose 2*s - 18 = -4*c, 3*s = c + 2*c + 63. Let p = 22 - s. Suppose 0 = 3*n + p*b - 28, 5*b = -0*n - n + 6. Is n composite?
False
Let r be (-52)/(-14) - 12/(-42). Suppose 2135 = -2*f + r*f + 5*g, g = 5. Suppose 5*x + 0*x - f = -y, 844 = 4*x - y. Is x prime?
True
Suppose 8*v - 95202 - 10966 = 0. Is v a prime number?
False
Let h(o) = -o**2 + 2*o + 5. Let v be h(0). Suppose -4206 = -v*c - c. Is c prime?
True
Let a(v) = 10*v**3 + 4*v**2 - 9*v + 1. Is a(4) a composite number?
True
Let u(r) = 59*r**2 - 14*r + 76. Is u(7) composite?
True
Suppose -3*c + 3 = 0, -3*b + 55 = 2*b + 5*c. Suppose -x = 3*k - 6 - 8, 5*x = b. Suppose 2*v - k*v = -98. Is v a prime number?
False
Let n(o) be the second derivative of o**5/20 + o**4/12 + o**3/6 - 6*o**2 + 9*o. Is n(5) prime?
False
Suppose -36*a + 300127 + 31109 = 0. Is a composite?
True
Suppose -2563 + 8716 = 3*o. Is o prime?
False
Suppose -7*l + 15 = -2*l. Suppose 8080 = b + l*b. Let t = b + -1113. Is t a prime number?
True
Suppose 90900 - 11606 = 82*k. Is k a composite number?
False
Let y(k) = -k**2 + k + 1. Let d(m) = 24*m**2 - 12*m - 12. Let p(u) = d(u) + 9*y(u). Let n be p(-3). Suppose 0*z + 297 = 2*z + 5*r, -4*r + n = z. Is z composite?
True
Suppose 0*m + 54 = -6*m. Let s = 63 + m. Suppose 0 = -5*g + s + 51. Is g a composite number?
True
Let z(j) = j**2 + 54*j - 192. Is z(43) a composite number?
True
Let s(a) = 116*a**2 - 4*a + 6. Let x(c) = -c**2 + c - 1. Let f(j) = s(j) + 5*x(j). Is f(-1) a composite number?
True
Let n = 3476 - -765. Is n composite?
False
Suppose 88602 = 17*k - 68869. Is k composite?
True
Suppose r + 27 = i, -i = 2*r - 4*r - 29. Suppose 2855 = i*v - 20*v. Is v a composite number?
False
Suppose 4*k - 5*v + 17 = 0, -10 = 2*k + 5*v + 21. Let r(q) = 15*q - 11*q + 4 - 54*q + 3. Is r(k) composite?
True
Suppose 0 = l - 5 - 3. Suppose 0*r - 5*r + 5*h + 55 = 0, 2*r + 4*h = -8. Let m = l + r. Is m a composite number?
True
Let f be (-7 + 5)*5/(-2). Suppose -f*m - 5 = 0, 5*m = 2*y - 119 + 8. Is y a composite number?
False
Let v(r) = 262*r**2 + 66*r + 45. Is v(10) prime?
False
Let t = 1500 - 972. Let j(s) = s**3 + 10*s**2 + 9*s + 47. Let g be j(-11). Let d = g + t. Is d a prime number?
False
Let h(r) = 7*r**2 + 17*r - 9. Suppose 3*b + 28 = -11. Is h(b) prime?
True
Suppose 3*x = 2*p + 86, x = 5*x + 8. Let m = 31 - p. Is m composite?
True
Let p = -10 + 19. Suppose 0 = -4*o + p*o - 2915. Is o a prime number?
False
Let q(r) = 765*r + 34. Is q(7) a prime number?
False
Let d(v) = -4*v**2 - 2*v. Let l be d(-2). Let g(f) = 7 - 11*f**2 + 7*f**3 - 8*f**3 - 6. Is g(l) a prime number?
False
Let b = -1 - -3. Let n = -503 - -507. Suppose z + 616 = b*s, -n*s - s + 1529 = 3*z. Is s a prime number?
True
Let j(p) = -61*p**2 + 2*p - 9. Let b be j(5). Let y = b - -2491. Is y composite?
False
Suppose 5*b = 2*b - 4*w + 39287, -52376 = -4*b - 2*w. Is b a composite number?
False
Suppose g = 5 - 1. Let s be (3 - 4)/(g/(-8)). Suppose 63 = -s*w + 5*w. Is w composite?
True
Let g = 13 + -12. Let k be g/(-8) - (-60)/(-32). Is (k/(-6))/((-3)/(-4059)) composite?
True
Let q(a) = 0*a + 87*a**2 + 1 - a + 239*a**2 + 0. Let i be q(1). Suppose -2*b + i = 4*o, 5*b + 69 = o + 15. Is o prime?
True
Suppose 58431 - 153050 = -7*a. Is a composite?
True
Let x be 66/14 + (-12)/(-42). Let q(g) = 4*g**2 - 4*g + 6. Let c be q(x). Let u = -24 + c. Is u a composite number?
True
Suppose -3205 - 11 = -48*k. Is k prime?
True
Suppose r + 3*c - 18 = 0, 0 = 6*r - 9*r + 4*c - 11. Suppose -4*f = -8, 4*f + 4323 = r*g + 7*f. Is g a composite number?
False
Let j(n) = 39*n - 68. Is j(5) a prime number?
True
Let y = 883 + -20. Suppose 6*c = 5*c - 4*q + 439, -2*c = 5*q - y. Is c prime?
True
Suppose -4*p - 20 = 4*b, -3*b + 0 + 3 = 0. Let n(z) = z**3 + 5*z**2 - 3*z - 2. Let m be n(p). Is m*((-7)/2 - -3) a composite number?
True
Let h(y) = y**3 + 15*y**2 + 16*y + 18. Let u be h(-14). Is ((-489)/6)/(5/u) a prime number?
True
Is 2423/3 - (-72)/54 prime?
True
Let y(k) = -3*k**2 + 2. Let w be y(2). Let r(i) = -i**2 - 8*i + 22. Let b be r(w). Suppose -b*h - 2*h = -316. Is h prime?
True
Let s(x) = 2*x**3 + x**2 - 2*x + 4. Let r be s(6). Suppose 5*o - 338 - 1950 = y, o = y + r. Is o a prime number?
True
Let c(w) be the third derivative of 7*w**4 + w**3/6 - 5*w**2. Is c(4) prime?
True
Suppose -p + 2 = -i - 2*i, -3 = -p + 2*i. Suppose 10*k + 10763 = 4*n + p*k, 0 = -3*k + 15. Let m = -1906 + n. Is m prime?
False
Suppose 4*x - 68 = 12. Let z = x - 15. Suppose -6*b - z*g + 2115 = -2*b, -4*b + g = -2145. Is b a composite number?
True
Let k(m) = -20*m - 7. Is k(-18) prime?
True
Let x(s) = -313*s + 908. Is x(-11) prime?
False
Suppose 8*w = 14*w - 15150. Suppose 10*n = w + 3345. Is n a composite number?
Fa